5 + (-4 - 2)
-3
Evaluate -1 - -4 - (6 + -2).
-1
What is the value of 9 - (-7 + 10) - (1 - -5)?
0
(8 + -2 - 6) + (-3 - 1)
-4
What is the value of -3 + (2 - (0 + 2 - 2))?
-1
What is the value of -8 + (-11 - -10 - -12)?
3
Calculate 2 + 0 - (5 - -2).
-5
Calculate 2 + 0 - (1 + 3 + 1).
-3
Calculate (4 - 1) + (-10 - -5) - -2.
0
Evaluate 6 + (-5 - 4) - -4.
1
What is the value of (3 - (2 - -4)) + 4?
1
8 - 10 - (1 - 8)
5
What is the value of 6 + 9 + -15 - -5?
5
Evaluate 1 + 3 - -2 - 6.
0
-7 - (-3 - (13 - 6))
3
Evaluate 7 + -3 + (3 - (1 - -1)).
5
What is the value of -7 + (1 - -3) - -2?
-1
Evaluate 3 + -1 + 0 + 1.
3
What is 0 - -5 - 11 - (13 - 16)?
-3
What is the value of 8 - (-1 - -2 - (-7 + 5))?
5
Calculate 2 + 5 + -4 - 3.
0
Calculate -4 - -7 - -2 - 1.
4
Calculate 1 + -1 + -1 + -2.
-3
Evaluate -6 + -11 + 20 - -6.
9
What is the value of 12 + -4 - (23 - 11)?
-4
-2 + 4 + (-2 - 4)
-4
What is the value of 1 + -3 + (3 + -5 - -4)?
0
Calculate (-25 - -33) + (-12 - 0).
-4
Calculate 17 + (-8 - -4) + -3 - -1.
11
Calculate (9 - (-3 + 6)) + -8 + 0.
-2
(5 - 1) + 1 + -2 - 0
3
What is -7 + -3 + (5 - -5)?
0
Calculate (-2 - 3 - -10) + -7.
-2
What is the value of -2 - (-6 - 0) - -1?
5
Calculate 3 + 0 + -6 + (-4 - -4).
-3
What is -1 - (3 + (4 - 1) + -6)?
-1
Calculate -4 - ((-4 - 8) + -3 - -6).
5
Evaluate -3 - (4 + (-11 - -4)).
0
Evaluate 1 + (0 - (-6 + 4)).
3
What is -4 - (-11 - (-3 + -7))?
-3
What is -6 - (-4 + (-4 - -12))?
-10
What is 3 + 1 - 9 - (19 + -31)?
7
What is the value of 3 + 5 - (-4 + 8)?
4
(-10 - -13) + 5 + 1 + -4
5
Evaluate (-2 - (-6 + 1 + -3)) + -2.
4
20 + -20 + -3 + 0 + 12
9
What is the value of (-10 - -4) + 14 - -1?
9
What is 2 - (1 + -5 + 5 + -2)?
3
Evaluate 8 + (-3 - 0) + -4.
1
Evaluate 0 - (-1 - (0 - (-5 + 7))).
-1
What is the value of -8 + (3 - (0 + -2))?
-3
What is 13 + -15 + (-2 - 0)?
-4
What is -9 + 4 + (-10 - -14)?
-1
Evaluate -2 + (-4 - -2) + 1.
-3
What is -3 - (-1 + 1 - 1 - 0)?
-2
What is 1 + 0 + -2 + -2 + 8?
5
Evaluate -4 - (1 + 0 + -7).
2
Evaluate -3 + (1 + (2 - 7) - -10).
3
Calculate (1 - 2) + (15 - 14) - -5.
5
What is 4 + (-7 - (9 - 19))?
7
-1 + 3 - (-3 - -2 - 0)
3
What is 1 - (7 + -4) - 0?
-2
What is -1 - (-2 - (-1 - 1))?
-1
Evaluate (0 - -2) + (-5 - -8).
5
Calculate 1 - ((-9 - -10) + 6).
-6
Calculate 4 + 3 + -3 - (11 + -3).
-4
10 - (-9 - (-13 + -8))
-2
What is 1 + -10 + 0 + 3 + 1?
-5
Calculate (4 - 13) + 10 + 2.
3
Evaluate 4 + -7 + (1 - 1) + 1.
-2
What is -2 + (3 - (3 + 4) - -2)?
-4
What is the value of 5 + -3 - (4 - 2)?
0
What is -6 - (11 - 6 - 13)?
2
What is the value of (8 - (1 - -4)) + -9 - -1?
-5
What is the value of 7 - (4 - 4 - -4)?
3
What is the value of 2 + 5 + -7 + -3 + 5?
2
Evaluate -9 + 2 - (-5 - 1).
-1
Evaluate 1 + -3 + -3 + 1.
-4
Evaluate (1 - 0) + 1 + 3.
5
Calculate 2 - 8 - (-5 - 6).
5
Calculate -8 + 2 + (2 - -6).
2
(-6 - (7 - 12)) + 6
5
Calculate (6 + -20 - -7) + 5.
-2
Calculate 0 + 1 - ((11 - -9) + -17).
-2
0 + 4 - (-35 + 35)
4
-15 + 10 - 8 - -20
7
Calculate (-4 + -3 - 1) + 3 + -2.
-7
Calculate -1 + -6 + 2 + 0.
-5
Calculate (16 - 38) + 11 + (1 - -6).
-4
What is the value of -1 + -3 + 5 + (0 - 1)?
0
Calculate 2 - (1 - 1 - -2).
0
(2 - 1 - 3) + (-23 - -25)
0
-8 + 2 - (2 - 2 - 2)
-4
What is the value of 0 + -3 - 0 - -9?
6
-5 - (-10 + 3) - (4 + 0)
-2
What is (27 - 36) + 12 + 0?
3
Calculate (7 - 1) + -9 + 14.
11
What is the value of 0 + -2 + (4 - -2)?
4
Evaluate 10 + -13 + (-2 - 1) + 12.
6
Calculate 6 + (2 - 1) + (13 - 15).
5
What is the value of (-8 - -4) + 21 + -14?
3
What is (2 - 9) + 2 + 8?
3
Calculate 5 + -5 + 5 - 6.
-1
What is the value of 1 - 0 - ((-10 - -7) + 0)?
4
Evaluate 13 + -3 - (4 - -7).
-1
Evaluate 8 + (7 - (0 - -9)).
6
(4 - -1) + (-20 - (-28 - -9))
4
Evaluate -3 - ((0 - (0 + -2)) + -2).
-3
Evaluate (12 - 2) + -59 + 57.
8
Evaluate (0 - -7) + (-4 + 2 - 0).
5
What is the value of 3 - (-4 + (7 - 14) + 8)?
6
Calculate 10 - (2 + -8 + 15).
1
1 + 1 - (4 - (-5 - -4))
-3
-2 + 3 + -1 - 3
-3
What is -1 - (-11 + 5 + 8)?
-3
Calculate 0 - ((-3 - -1) + 3).
-1
What is -10 - (1 + 8 + -26)?
7
What is (-4 - 1) + 43 + -33?
5
Calculate 2 + 2 + 2 + -10.
-4
Calculate 9 + (-17 - -9) + -2.
-1
Evaluate (-2 - 2 - -10) + -9.
-3
(-2 + -1 - (-11 - -14)) + -1
-7
(-7 - (2 + -7)) + 9 - 6
1
What is the value of -3 - ((-2 - -3) + -5)?
1
Evaluate 3 + 10 + 1 + -9.
5
Evaluate (3 - -2) + 4 + -7 - -2.
4
Evaluate -1 + -1 + (5 - 8) + 0.
-5
What is the value of 0 - -3 - (16 - 12)?
-1
Evaluate (-4 - -5) + (15 - 12).
4
Evaluate (-4 - -2 - -2) + 2.
2
-2 + 5 + -4 - -2
1
Evaluate 0 + 8 + (-5 - -1 - 1).
3
Calculate 10 + -17 + 0 + 6.
-1
Evaluate 4 + (-4 - -8) + (-7 - -1).
2
-1 + 4 + -1 - 1
1
Calculate 0 + 2 + (-2 - 5).
-5
Evaluate -1 + -4 + (9 - 2) + -7.
-5
Evaluate -1 + -7 + 0 - -7.
-1
-13 - -10 - (-2 + -1)
0
-3 + 13 + (-20 - -3)
-7
What is the value of -5 + 6 + (0 - -6)?
7
Calculate -15 - (-9 + -2) - (-13 - -2).
7
Calculate -4 - (-5 - ((3 - 4) + -4)).
-4
What is 11 + -21 + 15 + -10?
-5
(1 - (-10 - -13)) + 3
1
What is (-4 - 0 - 1) + 9?
4
What is (-8 - -6) + 4 + (-3 - 1)?
-2
-412 + 410 - (0 + (5 - 0))
-7
-6 - (-3 + 6 - 3)
-6
What is -2 + -1 - (10 - 9) - -10?
6
Evaluate -4 - (0 - (-2 + 14)).
8
What is the value of (10 - -2) + -2 + -3?
7
Evaluate -1 + 6 + (-31 - -26 - 1).
-1
Evaluate -1 + (-1 - -7) + -1.
4
What is 0 - (2 + -4 + 5)?
-3
What is the value of (-2 - -3) + 2 - -1?
4
Evaluate 1 - 5 - (-8 - -6) - 3.
-5
Calculate (17 - (2 + -4)) + -12.
7
What is -1 - (1 - (-3 + 0))?
-5
What is the value of 30 + -22 + (-16 - -2)?
-6
2 + 5 + -1 + -4
2
Calculate -7 + (13 - 1) - (0 - 5).
10
Calculate -3 + 0 - -1 - (-3 - -1).
0
Evaluate (6 - 3 - (4 - 0)) + 1.
0
What is the value of -55 + 56 - (6 - 0)?
-5
7 - (-1 - -4 - -9)
-5
What is 1 + (-1 - ((4 - 7) + 9))?
-6
What is the value of (-27 - -24) + -2 + 2 + 1?
-2
Calculate 1 + -1 + 12 + -7.
5
What is the value of 4 + (-4 - -1) + (0 - -4)?
5
Calculate 3 - (2 + -4 - (0 + -7)).
-2
What is (-11 - (-4 + 2)) + 1 + 3?
-5
Evaluate (-8 - (2 - 4)) + 0.
-6
What is (-8 - -3) + 9 + -8?
-4
What is 3 - 2 - ((-3 - -5) + 0)?
-1
Calculate (6 - (-3 - -7)) + -4.
-2
Evaluate 1 + 1 + -4 - -4.
2
What is 10 + (-6 - (4 - (-1 + 8)))?
7
7 - 2 - (3 + 2)
0
3 - (3 + (-5 - 3 - -6))
2
Evaluate (5 - 1 - 10) + 1.
-5
What is 201 + -203 + 2 + -12 + 2?
-10
Calculate -23 + 25 + -6 + 1.
-3
Evaluate -3 + (-2 - (-1 - 3)) + 6.
5
Calculate -11 + -9 - (-10 - -1).
-11
Calculate (5 - 3) + (2 - 3 - -1).
2
7 - 0 - (0 - 0) - 4
3
What is (3 - 1 - (-26 - -29)) + 4?
3
Calculate 3 + -4 - (1 - 5).
3
What is 4 - 7 - ((-1 - -2) + -9)?
5
5 + (-8 - -6) + 2
5
(-3 - (0 - (0 + -2))) + 4
-1
Calculate -1 + (1 - -1 - (6 - 10)).
5
What is -7 - -4 - -4 - 2?
-1
(3 - (15 + -5)) + 11
4
-3 - (1 + 2 - (7 - -2))
3
-6 + 1 + 15 + -10
0
3 - (-6 + (13 - 2))
-2
4 - 0 - (-17 - -15)
6
What is the value of -4 + (-1 - -2) - 0?
-3
What is -1 + -1 + (3 - 0) + -6?
-5
Evaluate -6 - -2 - (3 - 11).
4
Calculate 1 + (9 - (-2 + 7)) + -4.
1
What is the value of -2 + 3 - 0 - 6?
-5
What is 20 - 12 - (7 + -2 + -3)?
6
9 + -2 + -8 + 4
3
What is (-1 - (2 - -2)) + 0?
-5
What is the value of (-4 - -3) + 6 - (2 + 4)?
-1
(-1 - -4) + (12 - 10) + -5
0
Evaluate 0 + (-5 - 0 - 0).
-5
Calculate -2 - (-6 + -3) - 3.
4
What is the value of 4 + 1 + 1 - 4?
2
Calculate 8 + (-1 - 5) - 0.
2
What is -1 + 5 - ((-12 - -7) + 6)?
3
Calculate 3 - 1 - (5 - 10) - 3.
4
Calculate 5 - (-5 + 8 + 0).
2
(-2 - -6) + -5 - 2
-3
Calculate -26 - -24 - (1 + 2 - 0).
-5
What is -8 - (-3 + -13 + 2)?
6
-3 - -1 - 1 - (37 - 39)
-1
What is (0 - 0) + 1 - 1?
0
What is the value of 4 + (-6 - ((1 - -1) + -4))?
0
1 - -1 - (-54 - -61)
-5
What is -18 - 5 - (-14 - -1)?
-10
What is 2 + (4 + -3 - (-1 + 5))?
-1
(3 - -4) + -5 + 1 + -8
-5
What is 0 - 2 - (0 + 5)?
-7
What is -23 - -15 - (0 + -1 + -10)?
3
14 + -26 - (-5 + -2)
-5
-3 + (-1 - (-3 - 5))
4
(-43 - -48) + (1 - 4) + -3
-1
Calculate -4 - -6 - ((-4 - -7) + -4).
3
-23 + 27 + (-1 - 0) - 3
0
(1 - -2) + -1 + -3 + 8
7
Evaluate -4 + 28 + -7 + -8 + 1.
10
Calculate 10 - (14 + -9) - (-1 - -4).
2
Evaluate -4 - (5 + 0 + -4).
-5
(2 - 2) + 1 + -6
-5
What is the value of -4 + -1 + (5 - 1)?
-1
What is (0 - 2) + 0 - (34 - 34)?
-2
What is the value of 0 + -3 + (-2 - (7 - 9))?
-3
Evaluate -4 - ((2 - -2) + -7 - 4).
3
What is (-4 - 4) + -10 + 11?
-7
Calculate -198 + 196 - (-1 + -1).
0
45 - 36 - ((-3 - -1) + 6)
5
What is (31 - 39) + (7 - (0 - 